{"id":375,"date":"2014-10-10T00:27:49","date_gmt":"2014-10-09T17:27:49","guid":{"rendered":"http:\/\/nmtram.wordpress.com\/?page_id=375"},"modified":"2018-02-11T01:03:36","modified_gmt":"2018-02-10T18:03:36","slug":"hinh-anh","status":"publish","type":"page","link":"https:\/\/nguyenmaitram.com\/blog\/hinh-anh\/","title":{"rendered":"H\u00ecnh \u1ea2nh"},"content":{"rendered":"<p>M\u1ed7i ng\u01b0\u1eddi nh\u00ecn cu\u1ed9c s\u1ed1ng v\u1edbi con m\u1eaft v\u00e0 g\u00f3c \u0111\u1ed9 kh\u00e1c nhau. H\u00ecnh \u1ea3nh trong ph\u1ea7n n\u00e0y \u0111a ph\u1ea7n l\u00e0 h\u00ecnh tui ch\u1ee5p (h\u00ecnh n\u00e0o tui kh\u00f4ng ch\u1ee5p tui s\u1ebd ghi t\u00ean T\u00e1c Gi\u1ea3 v\u00e0o) n\u00ean s\u1ebd c\u00f3 th\u1ec3 \u0111\u1eb9p ho\u1eb7c kh\u00f4ng \u0111\u1eb9p, m\u00e0 tui hy v\u1ecdng l\u00e0 n\u00f3 c\u00f3 \u1ea5n t\u01b0\u1ee3ng v\u1edbi m\u1ea5y b\u1ea1n.<\/p>\n<p>Coi xong th\u1ea5y c\u00f3 g\u00ec c\u1ea7n chia s\u1ebb v\u1edbi tui th\u00ec \u0111\u1eebng ng\u1ea1i ng\u1ea7n nha m\u1ea5y b\u1ea1n ^^. M\u1ecdi ng\u01b0\u1eddi&nbsp;c\u00f3 th\u1ec3 ch\u1ecdn t\u1eebng h\u00ecnh trong ph\u1ea7n &#8220;H\u00ecnh \u1ea3nh&#8221; \u0111\u1ec3 coi tr\u1ef1c ti\u1ebfp lu\u00f4n, kh\u1ecfi c\u1ea7n \u0111\u1ecdc m\u1ea5y d\u00f2ng n\u00e0y (m\u00e0 ai \u0111\u1ecdc m\u1ea5y d\u00f2ng n\u00e0y th\u00ec ch\u1eafc ch\u1eafn l\u00e0 kh\u00f4ng coi tr\u1ef1c ti\u1ebfp r\u1ed3i. hehehehe &#8230;). Ho\u1eb7c coi &#8220;C\u00e2u chuy\u1ec7n c\u1ee7a nh\u1eefng b\u1ee9c \u1ea3nh&#8221; n\u1ebfu mu\u1ed1n ghe tui k\u1ec3 l\u1ec3.<\/p>\n<p>&nbsp;<\/p>\n","protected":false},"excerpt":{"rendered":"<p>M\u1ed7i ng\u01b0\u1eddi nh\u00ecn cu\u1ed9c s\u1ed1ng v\u1edbi con m\u1eaft v\u00e0 g\u00f3c \u0111\u1ed9 kh\u00e1c nhau. H\u00ecnh \u1ea3nh trong ph\u1ea7n n\u00e0y \u0111a ph\u1ea7n l\u00e0 h\u00ecnh tui ch\u1ee5p (h\u00ecnh n\u00e0o tui kh\u00f4ng ch\u1ee5p tui s\u1ebd ghi t\u00ean T\u00e1c Gi\u1ea3 v\u00e0o) n\u00ean s\u1ebd c\u00f3 th\u1ec3 \u0111\u1eb9p ho\u1eb7c kh\u00f4ng \u0111\u1eb9p, m\u00e0 tui hy v\u1ecdng l\u00e0 n\u00f3 c\u00f3 \u1ea5n t\u01b0\u1ee3ng v\u1edbi m\u1ea5y b\u1ea1n.<\/p>\n<p>Coi xong th\u1ea5y c\u00f3 g\u00ec c\u1ea7n chia s\u1ebb v\u1edbi tui th\u00ec \u0111\u1eebng ng\u1ea1i ng\u1ea7n nha m\u1ea5y b\u1ea1n ^^. M\u1ecdi ng\u01b0\u1eddi\u00a0c\u00f3 th\u1ec3 ch\u1ecdn t\u1eebng h\u00ecnh trong ph\u1ea7n &#8220;H\u00ecnh \u1ea3nh&#8221; \u0111\u1ec3 coi tr\u1ef1c ti\u1ebfp lu\u00f4n, kh\u1ecfi c\u1ea7n \u0111\u1ecdc m\u1ea5y d\u00f2ng n\u00e0y (m\u00e0 ai \u0111\u1ecdc m\u1ea5y d\u00f2ng n\u00e0y th\u00ec ch\u1eafc ch\u1eafn l\u00e0 kh\u00f4ng coi tr\u1ef1c ti\u1ebfp r\u1ed3i. hehehehe &#8230;). Ho\u1eb7c coi &#8220;C\u00e2u chuy\u1ec7n c\u1ee7a nh\u1eefng b\u1ee9c \u1ea3nh&#8221; n\u1ebfu mu\u1ed1n ghe tui k\u1ec3 l\u1ec3.<\/p>\n","protected":false},"author":1,"featured_media":0,"parent":0,"menu_order":0,"comment_status":"open","ping_status":"closed","template":"","meta":{"footnotes":""},"class_list":["post-375","page","type-page","status-publish","hentry"],"yoast_head":"<!-- This site is optimized with the Yoast SEO plugin v27.5 - https:\/\/yoast.com\/product\/yoast-seo-wordpress\/ -->\n<title>H\u00ecnh \u1ea2nh - Nguy\u1ec5n Mai Tr\u00e2m<\/title>\n<meta name=\"robots\" content=\"index, follow, max-snippet:-1, max-image-preview:large, max-video-preview:-1\" \/>\n<link rel=\"canonical\" href=\"https:\/\/nguyenmaitram.com\/blog\/hinh-anh\/\" \/>\n<meta property=\"og:locale\" content=\"en_US\" \/>\n<meta property=\"og:type\" content=\"article\" \/>\n<meta property=\"og:title\" content=\"H\u00ecnh \u1ea2nh - Nguy\u1ec5n Mai Tr\u00e2m\" \/>\n<meta property=\"og:description\" content=\"M\u1ed7i ng\u01b0\u1eddi nh\u00ecn cu\u1ed9c s\u1ed1ng v\u1edbi con m\u1eaft v\u00e0 g\u00f3c \u0111\u1ed9 kh\u00e1c nhau. H\u00ecnh \u1ea3nh trong ph\u1ea7n n\u00e0y \u0111a ph\u1ea7n l\u00e0 h\u00ecnh tui ch\u1ee5p (h\u00ecnh n\u00e0o tui kh\u00f4ng ch\u1ee5p tui s\u1ebd ghi t\u00ean T\u00e1c Gi\u1ea3 v\u00e0o) n\u00ean s\u1ebd c\u00f3 th\u1ec3 \u0111\u1eb9p ho\u1eb7c kh\u00f4ng \u0111\u1eb9p, m\u00e0 tui hy v\u1ecdng l\u00e0 n\u00f3 c\u00f3 \u1ea5n t\u01b0\u1ee3ng v\u1edbi m\u1ea5y b\u1ea1n.  Coi xong th\u1ea5y c\u00f3 g\u00ec c\u1ea7n chia s\u1ebb v\u1edbi tui th\u00ec \u0111\u1eebng ng\u1ea1i ng\u1ea7n nha m\u1ea5y b\u1ea1n ^^. M\u1ecdi ng\u01b0\u1eddi\u00a0c\u00f3 th\u1ec3 ch\u1ecdn t\u1eebng h\u00ecnh trong ph\u1ea7n &quot;H\u00ecnh \u1ea3nh&quot; \u0111\u1ec3 coi tr\u1ef1c ti\u1ebfp lu\u00f4n, kh\u1ecfi c\u1ea7n \u0111\u1ecdc m\u1ea5y d\u00f2ng n\u00e0y (m\u00e0 ai \u0111\u1ecdc m\u1ea5y d\u00f2ng n\u00e0y th\u00ec ch\u1eafc ch\u1eafn l\u00e0 kh\u00f4ng coi tr\u1ef1c ti\u1ebfp r\u1ed3i. hehehehe ...). Ho\u1eb7c coi &quot;C\u00e2u chuy\u1ec7n c\u1ee7a nh\u1eefng b\u1ee9c \u1ea3nh&quot; n\u1ebfu mu\u1ed1n ghe tui k\u1ec3 l\u1ec3.\" \/>\n<meta property=\"og:url\" content=\"https:\/\/nguyenmaitram.com\/blog\/hinh-anh\/\" \/>\n<meta property=\"og:site_name\" content=\"Nguy\u1ec5n Mai Tr\u00e2m\" \/>\n<meta property=\"article:modified_time\" content=\"2018-02-10T18:03:36+00:00\" \/>\n<meta name=\"twitter:card\" content=\"summary_large_image\" \/>\n<meta name=\"twitter:label1\" content=\"Est. reading time\" \/>\n\t<meta name=\"twitter:data1\" content=\"1 minute\" \/>\n<script type=\"application\/ld+json\" class=\"yoast-schema-graph\">{\"@context\":\"https:\\\/\\\/schema.org\",\"@graph\":[{\"@type\":\"WebPage\",\"@id\":\"https:\\\/\\\/nguyenmaitram.com\\\/blog\\\/hinh-anh\\\/\",\"url\":\"https:\\\/\\\/nguyenmaitram.com\\\/blog\\\/hinh-anh\\\/\",\"name\":\"H\u00ecnh \u1ea2nh - Nguy\u1ec5n Mai Tr\u00e2m\",\"isPartOf\":{\"@id\":\"https:\\\/\\\/nguyenmaitram.com\\\/blog\\\/#website\"},\"datePublished\":\"2014-10-09T17:27:49+00:00\",\"dateModified\":\"2018-02-10T18:03:36+00:00\",\"breadcrumb\":{\"@id\":\"https:\\\/\\\/nguyenmaitram.com\\\/blog\\\/hinh-anh\\\/#breadcrumb\"},\"inLanguage\":\"en-US\",\"potentialAction\":[{\"@type\":\"ReadAction\",\"target\":[\"https:\\\/\\\/nguyenmaitram.com\\\/blog\\\/hinh-anh\\\/\"]}]},{\"@type\":\"BreadcrumbList\",\"@id\":\"https:\\\/\\\/nguyenmaitram.com\\\/blog\\\/hinh-anh\\\/#breadcrumb\",\"itemListElement\":[{\"@type\":\"ListItem\",\"position\":1,\"name\":\"Home\",\"item\":\"https:\\\/\\\/nguyenmaitram.com\\\/blog\\\/\"},{\"@type\":\"ListItem\",\"position\":2,\"name\":\"H\u00ecnh \u1ea2nh\"}]},{\"@type\":\"WebSite\",\"@id\":\"https:\\\/\\\/nguyenmaitram.com\\\/blog\\\/#website\",\"url\":\"https:\\\/\\\/nguyenmaitram.com\\\/blog\\\/\",\"name\":\"Nguy\u1ec5n Mai Tr\u00e2m\",\"description\":\"you just getting to know me\",\"potentialAction\":[{\"@type\":\"SearchAction\",\"target\":{\"@type\":\"EntryPoint\",\"urlTemplate\":\"https:\\\/\\\/nguyenmaitram.com\\\/blog\\\/?s={search_term_string}\"},\"query-input\":{\"@type\":\"PropertyValueSpecification\",\"valueRequired\":true,\"valueName\":\"search_term_string\"}}],\"inLanguage\":\"en-US\"}]}<\/script>\n<!-- \/ Yoast SEO plugin. -->","yoast_head_json":{"title":"H\u00ecnh \u1ea2nh - Nguy\u1ec5n Mai Tr\u00e2m","robots":{"index":"index","follow":"follow","max-snippet":"max-snippet:-1","max-image-preview":"max-image-preview:large","max-video-preview":"max-video-preview:-1"},"canonical":"https:\/\/nguyenmaitram.com\/blog\/hinh-anh\/","og_locale":"en_US","og_type":"article","og_title":"H\u00ecnh \u1ea2nh - Nguy\u1ec5n Mai Tr\u00e2m","og_description":"M\u1ed7i ng\u01b0\u1eddi nh\u00ecn cu\u1ed9c s\u1ed1ng v\u1edbi con m\u1eaft v\u00e0 g\u00f3c \u0111\u1ed9 kh\u00e1c nhau. H\u00ecnh \u1ea3nh trong ph\u1ea7n n\u00e0y \u0111a ph\u1ea7n l\u00e0 h\u00ecnh tui ch\u1ee5p (h\u00ecnh n\u00e0o tui kh\u00f4ng ch\u1ee5p tui s\u1ebd ghi t\u00ean T\u00e1c Gi\u1ea3 v\u00e0o) n\u00ean s\u1ebd c\u00f3 th\u1ec3 \u0111\u1eb9p ho\u1eb7c kh\u00f4ng \u0111\u1eb9p, m\u00e0 tui hy v\u1ecdng l\u00e0 n\u00f3 c\u00f3 \u1ea5n t\u01b0\u1ee3ng v\u1edbi m\u1ea5y b\u1ea1n.  Coi xong th\u1ea5y c\u00f3 g\u00ec c\u1ea7n chia s\u1ebb v\u1edbi tui th\u00ec \u0111\u1eebng ng\u1ea1i ng\u1ea7n nha m\u1ea5y b\u1ea1n ^^. M\u1ecdi ng\u01b0\u1eddi\u00a0c\u00f3 th\u1ec3 ch\u1ecdn t\u1eebng h\u00ecnh trong ph\u1ea7n \"H\u00ecnh \u1ea3nh\" \u0111\u1ec3 coi tr\u1ef1c ti\u1ebfp lu\u00f4n, kh\u1ecfi c\u1ea7n \u0111\u1ecdc m\u1ea5y d\u00f2ng n\u00e0y (m\u00e0 ai \u0111\u1ecdc m\u1ea5y d\u00f2ng n\u00e0y th\u00ec ch\u1eafc ch\u1eafn l\u00e0 kh\u00f4ng coi tr\u1ef1c ti\u1ebfp r\u1ed3i. hehehehe ...). Ho\u1eb7c coi \"C\u00e2u chuy\u1ec7n c\u1ee7a nh\u1eefng b\u1ee9c \u1ea3nh\" n\u1ebfu mu\u1ed1n ghe tui k\u1ec3 l\u1ec3.","og_url":"https:\/\/nguyenmaitram.com\/blog\/hinh-anh\/","og_site_name":"Nguy\u1ec5n Mai Tr\u00e2m","article_modified_time":"2018-02-10T18:03:36+00:00","twitter_card":"summary_large_image","twitter_misc":{"Est. reading time":"1 minute"},"schema":{"@context":"https:\/\/schema.org","@graph":[{"@type":"WebPage","@id":"https:\/\/nguyenmaitram.com\/blog\/hinh-anh\/","url":"https:\/\/nguyenmaitram.com\/blog\/hinh-anh\/","name":"H\u00ecnh \u1ea2nh - Nguy\u1ec5n Mai Tr\u00e2m","isPartOf":{"@id":"https:\/\/nguyenmaitram.com\/blog\/#website"},"datePublished":"2014-10-09T17:27:49+00:00","dateModified":"2018-02-10T18:03:36+00:00","breadcrumb":{"@id":"https:\/\/nguyenmaitram.com\/blog\/hinh-anh\/#breadcrumb"},"inLanguage":"en-US","potentialAction":[{"@type":"ReadAction","target":["https:\/\/nguyenmaitram.com\/blog\/hinh-anh\/"]}]},{"@type":"BreadcrumbList","@id":"https:\/\/nguyenmaitram.com\/blog\/hinh-anh\/#breadcrumb","itemListElement":[{"@type":"ListItem","position":1,"name":"Home","item":"https:\/\/nguyenmaitram.com\/blog\/"},{"@type":"ListItem","position":2,"name":"H\u00ecnh \u1ea2nh"}]},{"@type":"WebSite","@id":"https:\/\/nguyenmaitram.com\/blog\/#website","url":"https:\/\/nguyenmaitram.com\/blog\/","name":"Nguy\u1ec5n Mai Tr\u00e2m","description":"you just getting to know me","potentialAction":[{"@type":"SearchAction","target":{"@type":"EntryPoint","urlTemplate":"https:\/\/nguyenmaitram.com\/blog\/?s={search_term_string}"},"query-input":{"@type":"PropertyValueSpecification","valueRequired":true,"valueName":"search_term_string"}}],"inLanguage":"en-US"}]}},"jetpack-related-posts":[],"jetpack_likes_enabled":true,"jetpack_sharing_enabled":true,"jetpack_shortlink":"https:\/\/wp.me\/P5gdNE-63","_links":{"self":[{"href":"https:\/\/nguyenmaitram.com\/blog\/wp-json\/wp\/v2\/pages\/375","targetHints":{"allow":["GET"]}}],"collection":[{"href":"https:\/\/nguyenmaitram.com\/blog\/wp-json\/wp\/v2\/pages"}],"about":[{"href":"https:\/\/nguyenmaitram.com\/blog\/wp-json\/wp\/v2\/types\/page"}],"author":[{"embeddable":true,"href":"https:\/\/nguyenmaitram.com\/blog\/wp-json\/wp\/v2\/users\/1"}],"replies":[{"embeddable":true,"href":"https:\/\/nguyenmaitram.com\/blog\/wp-json\/wp\/v2\/comments?post=375"}],"version-history":[{"count":0,"href":"https:\/\/nguyenmaitram.com\/blog\/wp-json\/wp\/v2\/pages\/375\/revisions"}],"wp:attachment":[{"href":"https:\/\/nguyenmaitram.com\/blog\/wp-json\/wp\/v2\/media?parent=375"}],"curies":[{"name":"wp","href":"https:\/\/api.w.org\/{rel}","templated":true}]}}